{"id":3957,"date":"2018-03-21T21:01:33","date_gmt":"2018-03-21T20:01:33","guid":{"rendered":"http:\/\/www.foto-mario.com\/?page_id=3957"},"modified":"2020-04-18T07:03:24","modified_gmt":"2020-04-18T05:03:24","slug":"aktualnosci","status":"publish","type":"page","link":"https:\/\/foto-mario.com\/index.php\/aktualnosci\/","title":{"rendered":"archiwum \/ archives"},"content":{"rendered":"<p>[ngg_images source=&#8221;galleries&#8221; container_ids=&#8221;11&#8243; display_type=&#8221;photocrati-nextgen_basic_thumbnails&#8221; override_thumbnail_settings=&#8221;1&#8243; thumbnail_width=&#8221;240&#8243; thumbnail_height=&#8221;160&#8243; thumbnail_crop=&#8221;0&#8243; images_per_page=&#8221;25&#8243; number_of_columns=&#8221;2&#8243; ajax_pagination=&#8221;1&#8243; show_all_in_lightbox=&#8221;1&#8243; use_imagebrowser_effect=&#8221;1&#8243; show_slideshow_link=&#8221;1&#8243; slideshow_link_text=&#8221;[Pokaz zdj\u0119\u0107]&#8221; order_by=&#8221;sortorder&#8221; order_direction=&#8221;ASC&#8221; returns=&#8221;included&#8221; maximum_entity_count=&#8221;500&#8243;]<\/p>\n<p style=\"text-align: center;\">W dniu 10 maja 2018 zosta\u0142em odznaczony medalem<\/p>\n<p style=\"text-align: center;\">\u201dZA ZAS\u0141UGI DLA FOTOGRAFII POLSKIEJ&#8221;&nbsp;<\/p>\n<p style=\"text-align: center;\">nadawanym przez Kapitu\u0142\u0119 Fotoklubu Rzeczypospolitej Polskiej<\/p>\n<p style=\"text-align: center;\">w 100. rocznic\u0119 odzyskania przez POLSK\u0118 niepodleg\u0142o\u015bci (1918-2018)<\/p>\n","protected":false},"excerpt":{"rendered":"<p>[ngg_images source=&#8221;galleries&#8221; container_ids=&#8221;11&#8243; display_type=&#8221;photocrati-nextgen_basic_thumbnails&#8221; override_thumbnail_settings=&#8221;1&#8243; thumbnail_width=&#8221;240&#8243; thumbnail_height=&#8221;160&#8243; thumbnail_crop=&#8221;0&#8243; images_per_page=&#8221;25&#8243; number_of_columns=&#8221;2&#8243; ajax_pagination=&#8221;1&#8243; show_all_in_lightbox=&#8221;1&#8243; use_imagebrowser_effect=&#8221;1&#8243; show_slideshow_link=&#8221;1&#8243; slideshow_link_text=&#8221;[Pokaz zdj\u0119\u0107]&#8221; order_by=&#8221;sortorder&#8221; order_direction=&#8221;ASC&#8221; returns=&#8221;included&#8221; maximum_entity_count=&#8221;500&#8243;] W dniu 10 maja 2018 zosta\u0142em odznaczony medalem \u201dZA ZAS\u0141UGI DLA FOTOGRAFII POLSKIEJ&#8221;&nbsp; nadawanym przez Kapitu\u0142\u0119 Fotoklubu Rzeczypospolitej Polskiej w 100. rocznic\u0119 odzyskania przez POLSK\u0118 niepodleg\u0142o\u015bci (1918-2018)<\/p>\n","protected":false},"author":1,"featured_media":0,"parent":0,"menu_order":0,"comment_status":"closed","ping_status":"closed","template":"","meta":{"footnotes":""},"class_list":["post-3957","page","type-page","status-publish","hentry"],"_links":{"self":[{"href":"https:\/\/foto-mario.com\/index.php\/wp-json\/wp\/v2\/pages\/3957","targetHints":{"allow":["GET"]}}],"collection":[{"href":"https:\/\/foto-mario.com\/index.php\/wp-json\/wp\/v2\/pages"}],"about":[{"href":"https:\/\/foto-mario.com\/index.php\/wp-json\/wp\/v2\/types\/page"}],"author":[{"embeddable":true,"href":"https:\/\/foto-mario.com\/index.php\/wp-json\/wp\/v2\/users\/1"}],"replies":[{"embeddable":true,"href":"https:\/\/foto-mario.com\/index.php\/wp-json\/wp\/v2\/comments?post=3957"}],"version-history":[{"count":20,"href":"https:\/\/foto-mario.com\/index.php\/wp-json\/wp\/v2\/pages\/3957\/revisions"}],"predecessor-version":[{"id":4661,"href":"https:\/\/foto-mario.com\/index.php\/wp-json\/wp\/v2\/pages\/3957\/revisions\/4661"}],"wp:attachment":[{"href":"https:\/\/foto-mario.com\/index.php\/wp-json\/wp\/v2\/media?parent=3957"}],"curies":[{"name":"wp","href":"https:\/\/api.w.org\/{rel}","templated":true}]}}

<p>[ngg_images source=&#8221;galleries&#8221; container_ids=&#8221;11&#8243; display_type=&#8221;photocrati-nextgen_basic_thumbnails&#8221; override_thumbnail_settings=&#8221;1&#8243; thumbnail_width=&#8221;240&#8243; thumbnail_height=&#8221;160&#8243; thumbnail_crop=&#8221;0&#8243; images_per_page=&#8221;25&#8243; number_of_columns=&#8221;2&#8243; ajax_pagination=&#8221;1&#8243; show_all_in_lightbox=&#8221;1&#8243; use_imagebrowser_effect=&#8221;1&#8243; show_slideshow_link=&#8221;1&#8243; slideshow_link_text=&#8221;[Pokaz zdjęć]&#8221; order_by=&#8221;sortorder&#8221; order_direction=&#8221;ASC&#8221; returns=&#8221;included&#8221; maximum_entity_count=&#8221;500&#8243;]</p>
<p style="text-align: center;">W dniu 10 maja 2018 zostałem odznaczony medalem</p>
<p style="text-align: center;">”ZA ZASŁUGI DLA FOTOGRAFII POLSKIEJ&#8221;&nbsp;</p>
<p style="text-align: center;">nadawanym przez Kapitułę Fotoklubu Rzeczypospolitej Polskiej</p>
<p style="text-align: center;">w 100. rocznicę odzyskania przez POLSKĘ niepodległości (1918-2018)</p>

<p>[ngg_images source=&#8221;galleries&#8221; container_ids=&#8221;11&#8243; display_type=&#8221;photocrati-nextgen_basic_thumbnails&#8221; override_thumbnail_settings=&#8221;1&#8243; thumbnail_width=&#8221;240&#8243; thumbnail_height=&#8221;160&#8243; thumbnail_crop=&#8221;0&#8243; images_per_page=&#8221;25&#8243; number_of_columns=&#8221;2&#8243; ajax_pagination=&#8221;1&#8243; show_all_in_lightbox=&#8221;1&#8243; use_imagebrowser_effect=&#8221;1&#8243; show_slideshow_link=&#8221;1&#8243; slideshow_link_text=&#8221;[Pokaz zdjęć]&#8221; order_by=&#8221;sortorder&#8221; order_direction=&#8221;ASC&#8221; returns=&#8221;included&#8221; maximum_entity_count=&#8221;500&#8243;] W dniu 10 maja 2018 zostałem odznaczony medalem ”ZA ZASŁUGI DLA FOTOGRAFII POLSKIEJ&#8221;&nbsp; nadawanym przez Kapitułę Fotoklubu Rzeczypospolitej Polskiej w 100. rocznicę odzyskania przez POLSKĘ niepodległości (1918-2018)</p>
